culate the remainder when 27 is divided by 6.
3
Calculate the remainder when 302 is divided by 73.
10
What is the remainder when 43 is divided by 30?
13
Calculate the remainder when 57 is divided by 39.
18
Calculate the remainder when 5625 is divided by 108.
9
Calculate the remainder when 430 is divided by 29.
24
Calculate the remainder when 105 is divided by 10.
5
What is the remainder when 755 is divided by 63?
62
Calculate the remainder when 227 is divided by 29.
24
Calculate the remainder when 24413 is divided by 218.
215
What is the remainder when 1460 is divided by 135?
110
What is the remainder when 836 is divided by 167?
1
What is the remainder when 323 is divided by 25?
23
What is the remainder when 2335 is divided by 103?
69
What is the remainder when 744 is divided by 149?
148
Calculate the remainder when 181 is divided by 57.
10
What is the remainder when 1477 is divided by 8?
5
Calculate the remainder when 25348 is divided by 50.
48
What is the remainder when 280 is divided by 110?
60
What is the remainder when 912 is divided by 15?
12
Calculate the remainder when 101 is divided by 29.
14
What is the remainder when 400 is divided by 134?
132
What is the remainder when 34196 is divided by 450?
446
What is the remainder when 650 is divided by 214?
8
What is the remainder when 17 is divided by 1?
0
What is the remainder when 278 is divided by 278?
0
What is the remainder when 37 is divided by 25?
12
Calculate the remainder when 182 is divided by 31.
27
Calculate the remainder when 448 is divided by 224.
0
Calculate the remainder when 3125 is divided by 33.
23
What is the remainder when 1085 is divided by 136?
133
Calculate the remainder when 2272 is divided by 13.
10
Calculate the remainder when 422 is divided by 8.
6
What is the remainder when 65 is divided by 21?
2
Calculate the remainder when 7069 is divided by 21.
13
What is the remainder when 182 is divided by 27?
20
Calculate the remainder when 272 is divided by 72.
56
What is the remainder when 36 is divided by 23?
13
What is the remainder when 305 is divided by 40?
25
Calculate the remainder when 188 is divided by 183.
5
What is the remainder when 174 is divided by 45?
39
What is the remainder when 1838 is divided by 85?
53
What is the remainder when 4671 is divided by 932?
11
Calculate the remainder when 778 is divided by 44.
30
Calculate the remainder when 55 is divided by 30.
25
Calculate the remainder when 939 is divided by 34.
21
What is the remainder when 1147 is divided by 12?
7
Calculate the remainder when 1303 is divided by 45.
43
What is the remainder when 3078 is divided by 22?
20
What is the remainder when 25493 is divided by 42?
41
Calculate the remainder when 3305 is divided by 75.
5
What is the remainder when 653 is divided by 175?
128
What is the remainder when 31 is divided by 10?
1
Calculate the remainder when 572 is divided by 82.
80
What is the remainder when 816 is divided by 46?
34
What is the remainder when 206 is divided by 16?
14
What is the remainder when 126 is divided by 23?
11
Calculate the remainder when 41 is divided by 15.
11
Calculate the remainder when 51 is divided by 9.
6
What is the remainder when 24 is divided by 12?
0
What is the remainder when 639 is divided by 8?
7
What is the remainder when 1533 is divided by 766?
1
Calculate the remainder when 1223 is divided by 25.
23
Calculate the remainder when 483 is divided by 96.
3
What is the remainder when 11158 is divided by 90?
88
Calculate the remainder when 67 is divided by 6.
1
Calculate the remainder when 1277 is divided by 4.
1
What is the remainder when 349 is divided by 8?
5
Calculate the remainder when 157 is divided by 67.
23
What is the remainder when 9280 is divided by 12?
4
Calculate the remainder when 1608 is divided by 27.
15
What is the remainder when 126 is divided by 8?
6
What is the remainder when 116 is divided by 7?
4
What is the remainder when 51 is divided by 3?
0
What is the remainder when 5686 is divided by 11?
10
What is the remainder when 220 is divided by 214?
6
What is the remainder when 13983 is divided by 7?
4
What is the remainder when 2510 is divided by 626?
6
What is the remainder when 185 is divided by 96?
89
Calculate the remainder when 221 is divided by 7.
4
Calculate the remainder when 28 is divided by 19.
9
What is the remainder when 737 is divided by 74?
71
Calculate the remainder when 649 is divided by 235.
179
What is the remainder when 5748 is divided by 31?
13
What is the remainder when 32 is divided by 16?
0
What is the remainder when 583 is divided by 290?
3
What is the remainder when 16196 is divided by 100?
96
Calculate the remainder when 23 is divided by 17.
6
Calculate the remainder when 1499 is divided by 75.
74
What is the remainder when 35 is divided by 9?
8
Calculate the remainder when 36496 is divided by 7.
5
What is the remainder when 1103 is divided by 112?
95
What is the remainder when 117 is divided by 22?
7
Calculate the remainder when 1713 is divided by 22.
19
What is the remainder when 47 is divided by 7?
5
What is the remainder when 277 is divided by 140?
137
What is the remainder when 950 is divided by 34?
32
What is the remainder when 3726 is divided by 250?
226
Calculate the remainder when 210 is divided by 24.
18
Calculate the remainder when 415 is divided by 106.
97
Calculate the remainder when 282 is divided by 274.
8
What is the remainder when 240 is divided by 81?
78
What is the remainder when 2471 is divided by 22?
7
What is the remainder when 198 is divided by 54?
36
Calculate the remainder when 60 is divided by 9.
6
Calculate the remainder when 124 is divided by 15.
4
Calculate the remainder when 501 is divided by 11.
6
Calculate the remainder when 283 is divided by 16.
11
What is the remainder when 486 is divided by 83?
71
Calculate the remainder when 2638 is divided by 33.
31
Calculate the remainder when 80748 is divided by 33.
30
Calculate the remainder when 189 is divided by 7.
0
Calculate the remainder when 23 is divided by 6.
5
What is the remainder when 474 is divided by 103?
62
Calculate the remainder when 49276 is divided by 64.
60
What is the remainder when 513 is divided by 79?
39
What is the remainder when 52 is divided by 11?
8
Calculate the remainder when 76 is divided by 20.
16
What is the remainder when 12298 is divided by 5?
3
Calculate the remainder when 10433 is divided by 49.
45
Calculate the remainder when 789 is divided by 88.
85
Calculate the remainder when 1658 is divided by 11.
8
Calculate the remainder when 2798 is divided by 104.
94
What is the remainder when 412 is divided by 85?
72
Calculate the remainder when 921 is divided by 51.
3
What is the remainder when 91 is divided by 20?
11
Calculate the remainder when 1144 is divided by 345.
109
What is the remainder when 1914 is divided by 107?
95
What is the remainder when 89 is divided by 56?
33
What is the remainder when 312 is divided by 45?
42
Calculate the remainder when 10 is divided by 9.
1
What is the remainder when 265 is divided by 127?
11
What is the remainder when 144 is divided by 84?
60
Calculate the remainder when 563 is divided by 157.
92
Calculate the remainder when 1995 is divided by 39.
6
Calculate the remainder when 1976 is divided by 3.
2
What is the remainder when 711 is divided by 119?
116
What is the remainder when 265 is divided by 28?
13
Calculate the remainder when 11 is divided by 9.
2
Calculate the remainder when 764 is divided by 393.
371
Calculate the remainder when 1292 is divided by 88.
60
Calculate the remainder when 48 is divided by 10.
8
What is the remainder when 4713 is divided by 1175?
13
What is the remainder when 44392 is divided by 6?
4
Calculate the remainder when 198 is divided by 27.
9
What is the remainder when 1172 is divided by 42?
38
Calculate the remainder when 2024 is divided by 6.
2
Calculate the remainder when 269 is divided by 6.
5
Calculate the remainder when 552 is divided by 48.
24
Calculate the remainder when 1457 is divided by 54.
53
Calculate the remainder when 426 is divided by 55.
41
What is the remainder when 3189 is divided by 114?
111
What is the remainder when 319 is divided by 113?
93
Calculate the remainder when 622 is divided by 39.
37
What is the remainder when 1069 is d